k. List the prime factors of a.
17
Let b = 60 + -36. Suppose -3*s = -0*x - x - 4, -16 = -s + 4*x. Suppose -3*g + s*g = -b. What are the prime factors of g?
2
Let g = -31 + 56. What are the prime factors of g?
5
Suppose 4*d - 91 = 37. What are the prime factors of d?
2
Let g(f) = -2*f + 1. List the prime factors of g(-4).
3
Let z(u) be the first derivative of u**2/2 - 2*u - 3. Let h be z(4). Suppose -5*b + 4*y = -b - 44, h*y + 32 = 3*b. What are the prime factors of b?
2, 5
Let p(q) = q**3 + q**2 + 5. Let h be 0/2 + 0 + 0. Let s be p(h). Suppose 42 = -2*v + s*v. What are the prime factors of v?
2, 7
Let i = -11 + 92. What are the prime factors of i?
3
Suppose 2*w + 2*j = -20 + 8, 4*w + 3*j = -24. What are the prime factors of (-1 - -7)/(w/(-4))?
2
Let a be (2 - (1 - -1))/2. Suppose a = d + d - 10. List the prime factors of d.
5
Let t(g) = 2*g - 3. What are the prime factors of t(3)?
3
List the prime factors of (-21)/1*6/(-28)*12.
2, 3
Let d(g) be the first derivative of 1 + 1/2*g**2 + 8*g. List the prime factors of d(-5).
3
Suppose 0 = -c + 2*c - 7. Let j = c - 3. What are the prime factors of ((-11)/2)/(j/(-8))?
11
Let q(s) = -8*s**3 + 2*s**2 + 8*s + 4. What are the prime factors of q(-3)?
2, 107
Suppose -109 = -4*y + t, 2*t = y - 11 - 18. Suppose -13 - y = -5*z. What are the prime factors of z?
2
Let t = -4 + 20. List the prime factors of t.
2
Suppose -27 = -x - 5*h, 2*h + 2*h - 26 = -3*x. Let s(d) = x*d - 1 - 4*d + d**2 + 0*d. List the prime factors of s(5).
2, 7
Suppose 4*c + 359 = 3*l, l - 122 = 2*c - 3*c. List the prime factors of l.
11
Let v(k) = -k**3 + 4*k**2 - 2*k + 6. Let x(b) = b - 1. Let h(l) = v(l) + 3*x(l). Let w be h(3). Suppose 0 = 2*p + 3*p - w. What are the prime factors of p?
3
Suppose 240 = -0*z + 5*z. What are the prime factors of z?
2, 3
Let n(t) = 3*t**2 - t + 1. Let d be n(1). Let m = d + 17. List the prime factors of m.
2, 5
List the prime factors of 32/6*(-18)/(-2).
2, 3
Let w(g) = g**3 - 7*g**2 + 7*g - 2. Let y be w(6). List the prime factors of 15 - 1*(y + -1).
2, 3
Let t = 84 - 51. List the prime factors of t.
3, 11
Let n(j) = j**2 - 2*j. List the prime factors of n(-6).
2, 3
Let y = -7 + 4. Let t(n) = n**3 + 5*n**2 + 3*n - 3. What are the prime factors of t(y)?
2, 3
Let m = 74 + -167. Let n = -50 - m. List the prime factors of n.
43
Suppose -3*m + 39 = 6*g - 2*g, 2*m = 10. Let j(f) = -10 + 2*f + g - 8. What are the prime factors of j(8)?
2
Let g = -76 + 174. List the prime factors of g.
2, 7
Suppose 2*l - 985 + 291 = 0. List the prime factors of l.
347
Let q(c) = c**2 + 2*c + 1. Let r be q(-3). Suppose r*n - 34 = 2*s, 4*s - 5 = -17. List the prime factors of n.
7
Suppose -67 + 13 = -3*m. What are the prime factors of m/63 - 61/(-7)?
3
Let a(s) = s**3 + 3*s**2 - 5*s - 1. Let v be a(-4). Suppose 2*j = -v*n - 0*n + 18, -n - 3*j - 1 = 0. What are the prime factors of n/(-6)*210/(-20)?
2, 7
Let b(o) = 4*o + 2. Let k be b(7). Suppose 9*r - 4*r - k = 0. List the prime factors of r.
2, 3
Suppose 0*b = 5*b - 575. List the prime factors of b.
5, 23
Suppose -47 = -4*u - 183. Let c = u - -47. What are the prime factors of c?
13
Let m be 1/(-2) + (-25)/(-10). Suppose g + m = 2*g. What are the prime factors of g + (-2 - 4/(-1))?
2
Let o(r) = -r**3 - 10*r**2 - r - 12. Let b be o(-10). Let s(m) = 2*m + 10. Let l(h) = h + 9. Let n(c) = b*s(c) + 3*l(c). List the prime factors of n(0).
7
Let a(u) = -u**2 + 13*u - 10. Let b be a(12). Suppose 2*m + m - 3*n = 90, 116 = 4*m - b*n. What are the prime factors of m?
2, 7
Suppose 4*t = 3*c - 284, 3*c = -5*t - 2*c - 390. Let w = t - -104. What are the prime factors of w?
2, 3, 5
Suppose 139 = -2*b + 425. Suppose 2*p = 5*u + b, 2*u - 183 = -3*p - u. Suppose -2*k - 80 = -4*q, -38 = -5*q + 3*k + p. What are the prime factors of q?
2, 3
Suppose -v = -7 - 0. Suppose -c = -60 + v. List the prime factors of c.
53
Suppose 0 = -u + 5*k - 18, 5*u + 6*k = 3*k + 22. Let p be -3*((-2)/(-3) - u). Suppose -n + 21 = p*t - 11, -n = 5*t - 41. List the prime factors of t.
3
Let t be 1 - 4 - (0 - 3). Suppose t = -m + 2*m + 2*q - 10, -m + 3*q = -15. What are the prime factors of m?
2, 3
Suppose -2*y - 18 = -z - 0, -5*z = -3*y - 83. Suppose 0 = 4*u + 4 - z. List the prime factors of u.
3
Suppose 27 = -4*y + 3*y. Let v = -19 - y. Let u = v - -4. What are the prime factors of u?
2, 3
Let c = -14 + 23. Let s = c - -6. What are the prime factors of s?
3, 5
Let l(g) = -g + g**3 + 2 - 5*g**3 + 0 - 3. Let c be l(-1). Suppose 4*t = 5*f + 43, 0*t - c*f - 19 = -t. What are the prime factors of t?
7
Let r(t) = 2*t - 7. Let i(a) = -5*a - 1. Let k be i(-6). Suppose -3*g = -2*g - 2*p - 16, -p = -4*g + k. What are the prime factors of r(g)?
5
Suppose 4*s - 6 = 2*s. Suppose -s*d = -41 + 2. List the prime factors of d.
13
Suppose 5*l = 3*t - 166, l + 88 = 2*t - 11. What are the prime factors of t?
47
Suppose -5*n = -c + 3*c - 224, 4*c - 184 = -4*n. List the prime factors of n.
2, 11
Let n(v) = v + 3. Let o be n(0). Let a = 28 - 34. List the prime factors of o/a*(-2 + -2).
2
Suppose 1 + 7 = n - 5*u, -2*u - 2 = 0. Suppose -4*a + a - 3 = -n*t, -2*a = 3*t + 17. What are the prime factors of 6/a*(-14)/3?
7
Suppose 2*c = -3*l + 5*l - 200, 2*l = -4*c + 230. What are the prime factors of l?
3, 5, 7
Suppose -3*f + 3*b = 12, -2 - 2 = -b. Suppose 2*j - 3*j - 3 = f. List the prime factors of 3*j*-1 - -2.
11
Let o = -37 - -52. What are the prime factors of o?
3, 5
Let r(p) = -8*p**3 - 4*p**2 + 13*p + 13. Let j(q) = -7*q**3 - 3*q**2 + 12*q + 12. Let y(m) = -7*j(m) + 6*r(m). What are the prime factors of y(5)?
2, 7
Suppose -20*z + 12 = -16*z. Suppose -48 = -o - 2*q, z*q - 56 = -2*o + 7*q. What are the prime factors of o?
2, 19
Let m(u) be the second derivative of -u**4/12 - 3*u**3/2 - 7*u**2/2 - 4*u. What are the prime factors of m(-7)?
7
Let o = 5 + -1. Suppose -o*z + 70 = -42. What are the prime factors of z?
2, 7
Let h(w) = -w**3 - 12*w**2 - 4*w - 13. What are the prime factors of h(-13)?
2, 13
Let v(m) = 10*m**3 + m**2 - m + 1. Suppose 0 = 4*z - 3*t + 5*t + 4, -z - 3*t = 11. Let w be v(z). Let s = w - 5. List the prime factors of s.
2, 3
Let h be ((-4)/6)/(4*(-1)/30). Let n be (-1 - -4)/(3/21). Suppose -n = -h*x + 24. What are the prime factors of x?
3
Suppose 3*q - 5*c = 1144 - 257, 0 = q - c - 299. What are the prime factors of q/12 + 1/(-3)?
5
Suppose -4*x - 5*v + 5 = -0*x, 4 = 4*v. Suppose -2*o + 6 = -x. List the prime factors of 7 + 1 - o/1.
5
Suppose -3*c - 19 = -2*f, f + 0*c = -4*c + 4. Let k(a) = a**3 - 8*a**2 + 3*a + 3. What are the prime factors of k(f)?
3
Let x(b) = b**2 + 13*b + 27. What are the prime factors of x(-11)?
5
Suppose 23 = 2*t + 3*p, 1 = t - p - 18. What are the prime factors of t?
2
Let c(b) = -4*b - 4. Let h(z) = z + 1. Suppose 0 = t + 4*t - 45. Let r(s) = t*h(s) + 2*c(s). List the prime factors of r(2).
3
Let f be (0 - 4)*(1 + -18). Let n = f - 30. List the prime factors of (0 - 1) + n/2.
2, 3
Suppose 9*q - 4*q - 15 = 2*o, -5*o + q = 3. Suppose 4*h - 120 + 16 = o. List the prime factors of h.
2, 13
Let t be 0*(-3)/3 + 4. Suppose 0 = -t*g - g - 20. What are the prime factors of (-8)/(-12) - g/3?
2
Suppose -3 = 4*t - 7. Let d(g) = -3*g - 1. Let m(j) = -9*j - 3. Let f(z) = -7*d(z) + 2*m(z). What are the prime factors of f(t)?
2
Let l(h) = -h**3 + 4*h**2 - 2. Let k be l(5). Let j be ((-2)/6)/((-3)/k). What are the prime factors of 12 + 2 - (-5 - j)?
2
Suppose 196 = 4*s + 4*p, 229 = 5*s + 3*p - 14. What are the prime factors of s?
2, 3
Suppose 23 = -2*t - 3*p + 8*p, -47 = 2*t + 3*p. Let y = t + 33. Let g = -1 + y. What are the prime factors of g?
13
Let c(x) = -25*x**3 - 1. Let z be c(-1). Suppose -2*p = 3*t - 95 + z, 4*p - 4*t - 92 = 0. Let g = p - 18. What are the prime factors of g?
2, 5
Suppose 3*a + 14 = 2*p, -2*p + 10 = 2*a - 4. Let t(w) = -w**3 + 8*w**2 - 2*w - 10. Let l be t(p). Let c = 37 - l. List the prime factors of c.
2, 3
Suppose 8 = 5*a - 7. List the prime factors of 3 + (12 - -3) + a.
3, 7
Let y be (-1 - -29) + -2 - -2. Suppose 3*n + n - y = 0. Let g = 17 - n. List the prime factors of g.
2, 5
Let b be -2*(3/(-2))/1. Let j be (2 - b)/(2/(-8)). Let p(s) = -s**2 + 5*s - 1. What are the prime factors of p(j)?
3
Suppose 0 = 3*i - 4*l - 295, -i + 2*i + 5*l - 73 = 0. List the prime factors of i.
3, 31
Le